{"id":14,"date":"2024-12-02T15:55:16","date_gmt":"2024-12-02T15:55:16","guid":{"rendered":"https:\/\/www.r4software.it\/wordpress\/?page_id=14"},"modified":"2024-12-10T15:03:24","modified_gmt":"2024-12-10T15:03:24","slug":"siti-web","status":"publish","type":"page","link":"https:\/\/new.r4software.it\/?page_id=14","title":{"rendered":"Siti Web"},"content":{"rendered":"\n<div class=\"wp-block-cover alignfull is-light\" style=\"min-height:800px;aspect-ratio:unset;\"><span aria-hidden=\"true\" class=\"wp-block-cover__background has-link-color-background-color has-background-dim\"><\/span><img loading=\"lazy\" decoding=\"async\" width=\"1200\" height=\"800\" class=\"wp-block-cover__image-background wp-image-169\" alt=\"\" src=\"https:\/\/new.r4software.it\/wp-content\/uploads\/2024\/12\/freepik-export-202412091127427HE2.jpeg\" data-object-fit=\"cover\" srcset=\"https:\/\/new.r4software.it\/wp-content\/uploads\/2024\/12\/freepik-export-202412091127427HE2.jpeg 1200w, https:\/\/new.r4software.it\/wp-content\/uploads\/2024\/12\/freepik-export-202412091127427HE2-300x200.jpeg 300w, https:\/\/new.r4software.it\/wp-content\/uploads\/2024\/12\/freepik-export-202412091127427HE2-1024x683.jpeg 1024w, https:\/\/new.r4software.it\/wp-content\/uploads\/2024\/12\/freepik-export-202412091127427HE2-768x512.jpeg 768w\" sizes=\"auto, (max-width: 1200px) 100vw, 1200px\" \/><div class=\"wp-block-cover__inner-container is-layout-constrained wp-block-cover-is-layout-constrained\">\n<p class=\"has-text-align-center has-xx-large-font-size\"><strong>SITO WEB<\/strong><\/p>\n<\/div><\/div>\n\n\n\n<hr class=\"wp-block-separator has-text-color has-link-color-color has-alpha-channel-opacity has-link-color-background-color has-background\" style=\"margin-top:var(--wp--preset--spacing--40);margin-bottom:var(--wp--preset--spacing--40)\"\/>\n\n\n\n<h2 class=\"wp-block-heading has-text-align-center has-large-font-size\" style=\"text-transform:uppercase\"><strong><mark style=\"background-color:rgba(0, 0, 0, 0)\" class=\"has-inline-color has-link-color-color\">D<\/mark>esign <mark style=\"background-color:rgba(0, 0, 0, 0)\" class=\"has-inline-color has-link-color-color\">i<\/mark>ntuitivo, <mark style=\"background-color:rgba(0, 0, 0, 0)\" class=\"has-inline-color has-link-color-color\">r<\/mark>isultati <mark style=\"background-color:rgba(0, 0, 0, 0)\" class=\"has-inline-color has-link-color-color\">e<\/mark>ccezionali, <mark style=\"background-color:rgba(0, 0, 0, 0)\" class=\"has-inline-color has-link-color-color\">R<\/mark>endi <mark style=\"background-color:rgba(0, 0, 0, 0)\" class=\"has-inline-color has-link-color-color\">s<\/mark>traordinario <mark style=\"background-color:rgba(0, 0, 0, 0)\" class=\"has-inline-color has-link-color-color\">i<\/mark>l <mark style=\"background-color:rgba(0, 0, 0, 0)\" class=\"has-inline-color has-link-color-color\">t<\/mark>uo <mark style=\"background-color:rgba(0, 0, 0, 0)\" class=\"has-inline-color has-link-color-color\">s<\/mark>ito.<\/strong><\/h2>\n\n\n\n<hr class=\"wp-block-separator has-text-color has-link-color-color has-alpha-channel-opacity has-link-color-background-color has-background\" style=\"margin-top:var(--wp--preset--spacing--40);margin-bottom:var(--wp--preset--spacing--40)\"\/>\n\n\n\n<div class=\"wp-block-group alignwide fade has-border-color has-white-background-color has-background is-layout-constrained wp-container-core-group-is-layout-da4f2bcd wp-block-group-is-layout-constrained\" style=\"border-color:#4766ff;border-width:2px;border-radius:30px;padding-top:var(--wp--preset--spacing--60);padding-right:var(--wp--preset--spacing--60);padding-bottom:var(--wp--preset--spacing--60);padding-left:var(--wp--preset--spacing--60)\">\n<div class=\"wp-block-media-text alignwide is-stacked-on-mobile\"><figure class=\"wp-block-media-text__media\"><img loading=\"lazy\" decoding=\"async\" width=\"1024\" height=\"684\" src=\"https:\/\/new.r4software.it\/wp-content\/uploads\/2024\/12\/freepik-export-20241209120321BYTe-1024x684.jpeg\" alt=\"\" class=\"wp-image-170 size-full\" srcset=\"https:\/\/new.r4software.it\/wp-content\/uploads\/2024\/12\/freepik-export-20241209120321BYTe-1024x684.jpeg 1024w, https:\/\/new.r4software.it\/wp-content\/uploads\/2024\/12\/freepik-export-20241209120321BYTe-300x200.jpeg 300w, https:\/\/new.r4software.it\/wp-content\/uploads\/2024\/12\/freepik-export-20241209120321BYTe-768x513.jpeg 768w, https:\/\/new.r4software.it\/wp-content\/uploads\/2024\/12\/freepik-export-20241209120321BYTe.jpeg 1200w\" sizes=\"auto, (max-width: 1024px) 100vw, 1024px\" \/><\/figure><div class=\"wp-block-media-text__content\">\n<h2 class=\"wp-block-heading\" style=\"text-transform:uppercase\"><strong><mark style=\"background-color:rgba(0, 0, 0, 0)\" class=\"has-inline-color has-link-color-color\">S<\/mark>viluppo <mark style=\"background-color:rgba(0, 0, 0, 0)\" class=\"has-inline-color has-link-color-color\">S<\/mark>ITI <mark style=\"background-color:rgba(0, 0, 0, 0)\" class=\"has-inline-color has-link-color-color\">W<\/mark>EB<\/strong><\/h2>\n\n\n\n<p>Ci dedichiamo con passione alla creazione di siti web personalizzati che rispecchiano l&#8217;unicit\u00e0 del tuo brand. Ogni progetto \u00e8 un&#8217;opportunit\u00e0 per trasformare le tue idee in realt\u00e0 digitali, combinando design accattivante e funzionalit\u00e0 avanzate. <\/p>\n\n\n\n<p>Dall&#8217;ideazione alla realizzazione, siamo qui per guidarti in ogni fase, assicurandoci che il tuo sito non solo catturi l&#8217;attenzione, ma offra anche un&#8217;esperienza utente impeccabile. Insieme, possiamo costruire la tua presenza online e portare il tuo business al livello successivo.<\/p>\n<\/div><\/div>\n<\/div>\n\n\n\n<hr class=\"wp-block-separator has-text-color has-link-color-color has-alpha-channel-opacity has-link-color-background-color has-background\" style=\"margin-top:var(--wp--preset--spacing--40);margin-bottom:var(--wp--preset--spacing--40)\"\/>\n\n\n\n<h2 class=\"wp-block-heading has-text-align-center has-x-large-font-size\"><mark style=\"background-color:rgba(0, 0, 0, 0)\" class=\"has-inline-color has-link-color-color\">F<\/mark>ASI <mark style=\"background-color:rgba(0, 0, 0, 0)\" class=\"has-inline-color has-link-color-color\">C<\/mark>REAZIONE<\/h2>\n\n\n\n<hr class=\"wp-block-separator has-text-color has-link-color-color has-alpha-channel-opacity has-link-color-background-color has-background\" style=\"margin-top:var(--wp--preset--spacing--50);margin-bottom:var(--wp--preset--spacing--50)\"\/>\n\n\n\n<div class=\"wp-block-ab-animate\" data-scroll-class=\"jackInTheBox\" style=\"animation-duration:3s\">\n<div class=\"wp-block-group alignfull is-layout-constrained wp-container-core-group-is-layout-24567ffd wp-block-group-is-layout-constrained\" style=\"padding-top:var(--wp--preset--spacing--40);padding-right:var(--wp--preset--spacing--40);padding-bottom:var(--wp--preset--spacing--40);padding-left:var(--wp--preset--spacing--40)\">\n<div class=\"wp-block-columns alignwide is-layout-flex wp-container-core-columns-is-layout-7fc3d43a wp-block-columns-is-layout-flex\">\n<div class=\"wp-block-column has-border-color has-white-background-color has-background is-layout-flow wp-block-column-is-layout-flow\" style=\"border-color:#4766ff;border-width:2px;border-radius:30px;padding-top:var(--wp--preset--spacing--40);padding-right:var(--wp--preset--spacing--40);padding-bottom:var(--wp--preset--spacing--40);padding-left:var(--wp--preset--spacing--40)\">\n<figure class=\"wp-block-image aligncenter size-full\"><img loading=\"lazy\" decoding=\"async\" width=\"100\" height=\"100\" src=\"https:\/\/new.r4software.it\/wp-content\/uploads\/2024\/12\/Checklist.png\" alt=\"\" class=\"wp-image-158\"\/><\/figure>\n\n\n\n<h2 class=\"wp-block-heading has-text-align-center has-medium-font-size\" style=\"margin-top:var(--wp--preset--spacing--40)\"><mark style=\"background-color:rgba(0, 0, 0, 0)\" class=\"has-inline-color has-link-color-color\">A<\/mark>NALISI <strong><mark style=\"background-color:rgba(0, 0, 0, 0)\" class=\"has-inline-color has-link-color-color\">P<\/mark>IANIFICAZIONE<\/strong><\/h2>\n\n\n\n<p><strong>Raccolta delle esigenze:<\/strong> Incontrare il cliente per comprendere gli obiettivi del sito, il pubblico di riferimento e le funzionalit\u00e0 desiderate.<\/p>\n\n\n\n<p><strong>Ricerca di mercato:<\/strong> Analizzare i siti web dei concorrenti e identificare le migliori pratiche del settore.<\/p>\n\n\n\n<p><strong>Definizione degli obiettivi:<\/strong> Stabilire gli obiettivi specifici del sito, come aumento delle vendite, generazione di lead, miglioramento del servizio clienti, ecc.<\/p>\n\n\n\n<p><strong>Pianificazione del progetto:<\/strong> Creare un piano di progetto con una timeline, milestone e assegnazione delle risorse.<\/p>\n<\/div>\n\n\n\n<div class=\"wp-block-column has-border-color has-white-background-color has-background is-layout-flow wp-block-column-is-layout-flow\" style=\"border-color:#4766ff;border-width:2px;border-radius:30px;padding-top:var(--wp--preset--spacing--40);padding-right:var(--wp--preset--spacing--40);padding-bottom:var(--wp--preset--spacing--40);padding-left:var(--wp--preset--spacing--40)\">\n<figure class=\"wp-block-image aligncenter size-full\"><img loading=\"lazy\" decoding=\"async\" width=\"100\" height=\"100\" src=\"https:\/\/new.r4software.it\/wp-content\/uploads\/2024\/12\/Web-Design.png\" alt=\"\" class=\"wp-image-132\"\/><\/figure>\n\n\n\n<h2 class=\"wp-block-heading has-text-align-center has-medium-font-size\" style=\"margin-top:var(--wp--preset--spacing--40)\"><strong><mark style=\"background-color:rgba(0, 0, 0, 0)\" class=\"has-inline-color has-link-color-color\">P<\/mark>ROGETTAZIONE <mark style=\"background-color:rgba(0, 0, 0, 0)\" class=\"has-inline-color has-link-color-color\">W<\/mark>IREFRAME E <mark style=\"background-color:rgba(0, 0, 0, 0)\" class=\"has-inline-color has-link-color-color\">S<\/mark>ITEMAP<\/strong><\/h2>\n\n\n\n<p><strong>Creazione della sitemap:<\/strong> Definire la struttura del sito e la gerarchia delle pagine.<\/p>\n\n\n\n<p><strong>Progettazione dei wireframe:<\/strong> Realizzare schemi a bassa fedelt\u00e0 delle pagine principali per visualizzare il layout e la disposizione degli elementi.<\/p>\n<\/div>\n\n\n\n<div class=\"wp-block-column has-border-color has-white-background-color has-background is-layout-flow wp-block-column-is-layout-flow\" style=\"border-color:#4766ff;border-width:2px;border-radius:30px;padding-top:var(--wp--preset--spacing--40);padding-right:var(--wp--preset--spacing--40);padding-bottom:var(--wp--preset--spacing--40);padding-left:var(--wp--preset--spacing--40)\">\n<figure class=\"wp-block-image aligncenter size-full\"><img loading=\"lazy\" decoding=\"async\" width=\"100\" height=\"100\" src=\"https:\/\/new.r4software.it\/wp-content\/uploads\/2024\/12\/icons8-Pencil-and-ruler-100.png\" alt=\"\" class=\"wp-image-159\"\/><\/figure>\n\n\n\n<h2 class=\"wp-block-heading has-text-align-center has-medium-font-size\" style=\"margin-top:var(--wp--preset--spacing--40);margin-bottom:var(--wp--preset--spacing--40)\"><strong><mark style=\"background-color:rgba(0, 0, 0, 0)\" class=\"has-inline-color has-link-color-color\">D<\/mark>ESIGN <mark style=\"background-color:rgba(0, 0, 0, 0)\" class=\"has-inline-color has-link-color-color\">G<\/mark>RAFICO<\/strong><\/h2>\n\n\n\n<p><strong>Moodboard:<\/strong> Creare una raccolta di ispirazioni visive, come colori, tipografie e stili.<\/p>\n\n\n\n<p><strong>Mockup:<\/strong> Progettare prototipi ad alta fedelt\u00e0 delle pagine, mostrando l&#8217;aspetto finale del sito.<\/p>\n\n\n\n<p><strong>Feedback e revisione:<\/strong> Collaborare con il cliente per ottenere feedback e apportare le modifiche necessarie.<\/p>\n<\/div>\n\n\n\n<div class=\"wp-block-column has-border-color has-white-background-color has-background is-layout-flow wp-block-column-is-layout-flow\" style=\"border-color:#4766ff;border-width:2px;border-radius:30px;padding-top:var(--wp--preset--spacing--40);padding-right:var(--wp--preset--spacing--40);padding-bottom:var(--wp--preset--spacing--40);padding-left:var(--wp--preset--spacing--40)\">\n<figure class=\"wp-block-image aligncenter size-full\"><img loading=\"lazy\" decoding=\"async\" width=\"100\" height=\"100\" src=\"https:\/\/new.r4software.it\/wp-content\/uploads\/2024\/12\/Rocket.png\" alt=\"\" class=\"wp-image-160\"\/><\/figure>\n\n\n\n<h2 class=\"wp-block-heading has-text-align-center has-medium-font-size\" style=\"margin-top:var(--wp--preset--spacing--40);margin-bottom:var(--wp--preset--spacing--40)\"><strong><mark style=\"background-color:rgba(0, 0, 0, 0)\" class=\"has-inline-color has-link-color-color\">S<\/mark>VILUPPO<\/strong><\/h2>\n\n\n\n<p><strong>Codifica front-end:<\/strong> Utilizzare HTML, CSS e JavaScript per trasformare i design grafici in pagine web interattive.<\/p>\n\n\n\n<p><strong>Sviluppo back-end:<\/strong> Implementare le funzionalit\u00e0 dinamiche del sito utilizzando linguaggi di programmazione come PHP, Python, Ruby, ecc., e database come MySQL o MongoDB.<\/p>\n\n\n\n<p><strong>Integrazione con CMS:<\/strong> Se necessario, integrare un sistema di gestione dei contenuti (CMS) come WordPress, Joomla o Drupal per facilitare la gestione dei contenuti da parte del cliente.<\/p>\n\n\n\n<p><strong>Responsive design:<\/strong> Assicurarsi che il sito sia ottimizzato per dispositivi mobili, tablet e desktop.<\/p>\n<\/div>\n<\/div>\n<\/div>\n<\/div>\n\n\n\n<div class=\"wp-block-ab-animate\" data-scroll-class=\"jackInTheBox\" style=\"animation-duration:3s\">\n<div class=\"wp-block-group alignfull is-layout-constrained wp-container-core-group-is-layout-24567ffd wp-block-group-is-layout-constrained\" style=\"padding-top:var(--wp--preset--spacing--40);padding-right:var(--wp--preset--spacing--40);padding-bottom:var(--wp--preset--spacing--40);padding-left:var(--wp--preset--spacing--40)\">\n<div class=\"wp-block-columns alignwide is-layout-flex wp-container-core-columns-is-layout-7fc3d43a wp-block-columns-is-layout-flex\">\n<div class=\"wp-block-column has-border-color has-white-background-color has-background is-layout-flow wp-block-column-is-layout-flow\" style=\"border-color:#4766ff;border-width:2px;border-radius:30px;padding-top:var(--wp--preset--spacing--40);padding-right:var(--wp--preset--spacing--40);padding-bottom:var(--wp--preset--spacing--40);padding-left:var(--wp--preset--spacing--40)\">\n<figure class=\"wp-block-image aligncenter size-full\"><img loading=\"lazy\" decoding=\"async\" width=\"100\" height=\"100\" src=\"https:\/\/new.r4software.it\/wp-content\/uploads\/2024\/12\/Open-in-Browser.png\" alt=\"\" class=\"wp-image-171\"\/><\/figure>\n\n\n\n<h2 class=\"wp-block-heading has-text-align-center has-medium-font-size\" style=\"margin-top:var(--wp--preset--spacing--40)\"><mark style=\"background-color:rgba(0, 0, 0, 0)\" class=\"has-inline-color has-link-color-color\">I<\/mark>NTEGRAZIONE <mark style=\"background-color:rgba(0, 0, 0, 0)\" class=\"has-inline-color has-link-color-color\">C<\/mark>ONTENUTI<\/h2>\n\n\n\n<p><strong>Inserimento dei contenuti:<\/strong> Caricare testi, immagini, video e altri media forniti dal cliente.<\/p>\n\n\n\n<p><strong>SEO on-page:<\/strong> Ottimizzare i contenuti per i motori di ricerca, utilizzando parole chiave appropriate, tag alt per le immagini, meta tag, ecc.<\/p>\n<\/div>\n\n\n\n<div class=\"wp-block-column has-border-color has-white-background-color has-background is-layout-flow wp-block-column-is-layout-flow\" style=\"border-color:#4766ff;border-width:2px;border-radius:30px;padding-top:var(--wp--preset--spacing--40);padding-right:var(--wp--preset--spacing--40);padding-bottom:var(--wp--preset--spacing--40);padding-left:var(--wp--preset--spacing--40)\">\n<figure class=\"wp-block-image aligncenter size-full\"><img loading=\"lazy\" decoding=\"async\" width=\"100\" height=\"100\" src=\"https:\/\/new.r4software.it\/wp-content\/uploads\/2024\/12\/Rocket.png\" alt=\"\" class=\"wp-image-160\"\/><\/figure>\n\n\n\n<h2 class=\"wp-block-heading has-text-align-center has-medium-font-size\" style=\"margin-top:var(--wp--preset--spacing--40);margin-bottom:var(--wp--preset--spacing--40)\"><strong><mark style=\"background-color:rgba(0, 0, 0, 0)\" class=\"has-inline-color has-link-color-color\">L<\/mark>ANCIO<\/strong><\/h2>\n\n\n\n<p><strong>Codifica front-end:<\/strong> Utilizzare HTML, CSS e JavaScript per trasformare i design grafici in pagine web interattive.<\/p>\n\n\n\n<p><strong>Sviluppo back-end:<\/strong> Implementare le funzionalit\u00e0 dinamiche del sito utilizzando linguaggi di programmazione come PHP, Python, Ruby, ecc., e database come MySQL o MongoDB.<\/p>\n\n\n\n<p><strong>Integrazione con CMS:<\/strong> Se necessario, integrare un sistema di gestione dei contenuti (CMS) come WordPress, Joomla o Drupal per facilitare la gestione dei contenuti da parte del cliente.<\/p>\n\n\n\n<p><strong>Responsive design:<\/strong> Assicurarsi che il sito sia ottimizzato per dispositivi mobili, tablet e desktop.<\/p>\n<\/div>\n<\/div>\n<\/div>\n<\/div>\n\n\n\n<hr class=\"wp-block-separator has-text-color has-link-color-color has-alpha-channel-opacity has-link-color-background-color has-background\" style=\"margin-top:var(--wp--preset--spacing--50);margin-bottom:var(--wp--preset--spacing--50)\"\/>\n\n\n\n<h2 class=\"wp-block-heading has-text-align-center has-x-large-font-size\"><mark style=\"background-color:rgba(0, 0, 0, 0)\" class=\"has-inline-color has-link-color-color\">P<\/mark>ROGETTI<\/h2>\n\n\n\n<hr class=\"wp-block-separator has-text-color has-link-color-color has-alpha-channel-opacity has-link-color-background-color has-background\" style=\"margin-top:var(--wp--preset--spacing--50);margin-bottom:var(--wp--preset--spacing--50)\"\/>\n\n\n\n<div class=\"wp-block-group alignfull is-layout-grid wp-container-core-group-is-layout-46c93ac4 wp-block-group-is-layout-grid\" style=\"padding-right:var(--wp--preset--spacing--50);padding-left:var(--wp--preset--spacing--50)\">\n<div class=\"wp-block-ab-animate\" data-scroll-class=\"jackInTheBox\" data-scroll-threshold=\"50\" style=\"animation-duration:2s\">\n<div class=\"wp-block-group has-border-color has-link-color-border-color has-white-background-color has-background is-vertical is-content-justification-center is-layout-flex wp-container-core-group-is-layout-8613f2d2 wp-block-group-is-layout-flex\" style=\"border-width:2px;border-radius:30px;min-height:800px;padding-top:var(--wp--preset--spacing--60);padding-right:var(--wp--preset--spacing--50);padding-bottom:var(--wp--preset--spacing--60);padding-left:var(--wp--preset--spacing--50)\">\n<figure class=\"wp-block-image alignleft size-full is-resized\"><a href=\"https:\/\/sistemafinance.it\/\"><img loading=\"lazy\" decoding=\"async\" width=\"860\" height=\"333\" src=\"https:\/\/new.r4software.it\/wp-content\/uploads\/2024\/12\/logo_sistemafinance.png\" alt=\"\" class=\"wp-image-163\" style=\"aspect-ratio:1.21;object-fit:contain;width:592px;height:auto\" srcset=\"https:\/\/new.r4software.it\/wp-content\/uploads\/2024\/12\/logo_sistemafinance.png 860w, https:\/\/new.r4software.it\/wp-content\/uploads\/2024\/12\/logo_sistemafinance-300x116.png 300w, https:\/\/new.r4software.it\/wp-content\/uploads\/2024\/12\/logo_sistemafinance-768x297.png 768w\" sizes=\"auto, (max-width: 860px) 100vw, 860px\" \/><\/a><\/figure>\n\n\n\n<div class=\"wp-block-group is-layout-constrained wp-block-group-is-layout-constrained\">\n<h2 class=\"wp-block-heading has-text-align-center has-black-color has-text-color has-link-color wp-elements-7ebe0e3ce2f7ba2c2a8b58e5e59aafdd\"><strong><a href=\"https:\/\/sistemafinance.it\/\"><mark style=\"background-color:rgba(0, 0, 0, 0);color:#c40319\" class=\"has-inline-color\">S<\/mark>ISTEMA <mark style=\"background-color:rgba(0, 0, 0, 0);color:#c40319\" class=\"has-inline-color\">F<\/mark>INANCE<\/a><\/strong><\/h2>\n\n\n\n<p><strong>Per lo sviluppo del sito di <mark style=\"background-color:rgba(0, 0, 0, 0);color:#c40319\" class=\"has-inline-color\">Sistema Finance<\/mark>, abbiamo lavorato a stretto contatto con il cliente per comprendere appieno le sue esigenze e gli obiettivi. Abbiamo creato una struttura chiara attraverso una sitemap e wireframe dettagliati, progettando un layout intuitivo e professionale. Il design grafico \u00e8 stato realizzato per riflettere l&#8217;identit\u00e0 del brand, con particolare attenzione alla coerenza visiva e alla facilit\u00e0 di navigazione. Abbiamo poi sviluppato il sito utilizzando tecnologie moderne, garantendo una perfetta integrazione dei contenuti e un&#8217;ottimizzazione per tutti i dispositivi. Dopo un accurato processo di testing, il sito \u00e8 stato lanciato con successo, fornendo un&#8217;esperienza utente ottimale e rispondendo a tutte le esigenze del cliente.<\/strong><\/p>\n\n\n\n<p class=\"has-text-align-center\"><strong><mark style=\"background-color:rgba(0, 0, 0, 0);color:#c40319\" class=\"has-inline-color\">Attivit\u00e0<\/mark><\/strong>:<\/p>\n\n\n\n<p class=\"has-text-align-center\"><strong><mark style=\"background-color:rgba(0, 0, 0, 0);color:#c40319\" class=\"has-inline-color\">Gestione profili Social Media<\/mark><\/strong><br><mark style=\"background-color:rgba(0, 0, 0, 0);color:#c40319\" class=\"has-inline-color\"><strong>Creazione contenuti come immagini &#8211; video &#8211; reel &#8211; storie<\/strong><\/mark><\/p>\n<\/div>\n<\/div>\n<\/div>\n\n\n\n<div class=\"wp-block-ab-animate\" data-scroll-class=\"jackInTheBox\" style=\"animation-duration:2s\">\n<div class=\"wp-block-group has-border-color has-link-color-border-color has-white-background-color has-background is-vertical is-content-justification-center is-nowrap is-layout-flex wp-container-core-group-is-layout-d0c164f2 wp-block-group-is-layout-flex\" style=\"border-width:2px;border-radius:30px;min-height:800px;padding-top:var(--wp--preset--spacing--60);padding-right:var(--wp--preset--spacing--50);padding-bottom:var(--wp--preset--spacing--60);padding-left:var(--wp--preset--spacing--50)\">\n<figure class=\"wp-block-image alignleft size-full is-resized\"><a href=\"https:\/\/g-marine.eu\/\"><img loading=\"lazy\" decoding=\"async\" width=\"702\" height=\"355\" src=\"https:\/\/new.r4software.it\/wp-content\/uploads\/2024\/12\/Capture-removebg-preview-48.png\" alt=\"\" class=\"wp-image-174\" style=\"aspect-ratio:1.21;object-fit:contain;width:569px;height:auto\" srcset=\"https:\/\/new.r4software.it\/wp-content\/uploads\/2024\/12\/Capture-removebg-preview-48.png 702w, https:\/\/new.r4software.it\/wp-content\/uploads\/2024\/12\/Capture-removebg-preview-48-300x152.png 300w\" sizes=\"auto, (max-width: 702px) 100vw, 702px\" \/><\/a><\/figure>\n\n\n\n<div class=\"wp-block-group is-layout-constrained wp-block-group-is-layout-constrained\">\n<h2 class=\"wp-block-heading has-text-align-center has-black-color has-text-color has-link-color wp-elements-75e2542168e01edb5c2ce3510dc9f7e2\"><strong><a href=\"https:\/\/g-marine.eu\/\"><mark style=\"background-color:rgba(0, 0, 0, 0)\" class=\"has-inline-color has-medium-gray-color\">G<\/mark>-MARINE<\/a><\/strong><\/h2>\n\n\n\n<p><strong>Per lo sviluppo del sito di <mark style=\"background-color:rgba(0, 0, 0, 0)\" class=\"has-inline-color has-medium-gray-color\">G-MARINE<\/mark>, abbiamo seguito un processo strutturato che ha incluso la raccolta delle esigenze del cliente per definire gli obiettivi del sito. Successivamente, abbiamo creato una sitemap e dei wireframe per pianificare la struttura e il layout delle pagine. Abbiamo poi sviluppato un design grafico accattivante, realizzato prototipi ad alta fedelt\u00e0 e incorporato feedback per le revisioni. Durante la fase di sviluppo, abbiamo implementato il sito utilizzando tecnologie moderne per garantire una navigazione fluida e una gestione intuitiva dei contenuti. Infine, abbiamo eseguito test approfonditi e ottimizzato il sito per dispositivi mobili prima di lanciarlo, assicurandoci che rispondesse a tutte le aspettative del cliente.<\/strong><\/p>\n\n\n\n<p class=\"has-text-align-center\"><strong><mark style=\"background-color:rgba(0, 0, 0, 0)\" class=\"has-inline-color has-medium-gray-color\">Attivit\u00e0<\/mark><\/strong>:<\/p>\n\n\n\n<p class=\"has-text-align-center\"><strong><mark style=\"background-color:rgba(0, 0, 0, 0)\" class=\"has-inline-color has-medium-gray-color\">Integrazione funzionalit\u00e0 App Android<br>Piattaforma di BackEnd in Laravel.<br>Progettazione RESTFul API<\/mark><\/strong><\/p>\n<\/div>\n<\/div>\n<\/div>\n<\/div>\n\n\n\n<p><\/p>\n","protected":false},"excerpt":{"rendered":"<p>Design intuitivo, risultati eccezionali, Rendi straordinario il tuo sito. Sviluppo SITI WEB Ci dedichiamo con passione alla creazione di siti web personalizzati che rispecchiano l&#8217;unicit\u00e0 del tuo brand. Ogni progetto \u00e8 un&#8217;opportunit\u00e0 per trasformare le tue idee in realt\u00e0 digitali, combinando design accattivante e funzionalit\u00e0 avanzate. Dall&#8217;ideazione alla realizzazione, siamo qui per guidarti in ogni [&hellip;]<\/p>\n","protected":false},"author":1,"featured_media":0,"parent":0,"menu_order":0,"comment_status":"closed","ping_status":"closed","template":"page-templates\/contained-no-title.php","meta":{"footnotes":""},"class_list":["post-14","page","type-page","status-publish","hentry"],"_links":{"self":[{"href":"https:\/\/new.r4software.it\/index.php?rest_route=\/wp\/v2\/pages\/14","targetHints":{"allow":["GET"]}}],"collection":[{"href":"https:\/\/new.r4software.it\/index.php?rest_route=\/wp\/v2\/pages"}],"about":[{"href":"https:\/\/new.r4software.it\/index.php?rest_route=\/wp\/v2\/types\/page"}],"author":[{"embeddable":true,"href":"https:\/\/new.r4software.it\/index.php?rest_route=\/wp\/v2\/users\/1"}],"replies":[{"embeddable":true,"href":"https:\/\/new.r4software.it\/index.php?rest_route=%2Fwp%2Fv2%2Fcomments&post=14"}],"version-history":[{"count":7,"href":"https:\/\/new.r4software.it\/index.php?rest_route=\/wp\/v2\/pages\/14\/revisions"}],"predecessor-version":[{"id":213,"href":"https:\/\/new.r4software.it\/index.php?rest_route=\/wp\/v2\/pages\/14\/revisions\/213"}],"wp:attachment":[{"href":"https:\/\/new.r4software.it\/index.php?rest_route=%2Fwp%2Fv2%2Fmedia&parent=14"}],"curies":[{"name":"wp","href":"https:\/\/api.w.org\/{rel}","templated":true}]}}